{"id":40,"date":"2011-05-02T20:05:51","date_gmt":"2011-05-02T20:05:51","guid":{"rendered":"http:\/\/jusac.net\/?page_id=40"},"modified":"2023-01-22T18:36:48","modified_gmt":"2023-01-23T00:36:48","slug":"administracion-de-empresas","status":"publish","type":"page","link":"https:\/\/jusac.usac.edu.gt\/?page_id=40","title":{"rendered":"\u2013 \u2013 Licenciatura en Administraci\u00f3n de Empresas"},"content":{"rendered":"<h1 style=\"text-align: center;\"><span style=\"text-decoration: underline;\"><span style=\"color: #ff6600;\">INFORMACI\u00d3N GENERAL<\/span><\/span><\/h1>\n<h1 style=\"text-align: center;\"><span style=\"text-decoration: underline;\"><span style=\"color: #ff6600;\">SOBRE LA CARRERA<\/span><\/span><\/h1>\n<p>&nbsp;<\/p>\n<p><span style=\"color: #ff6600;\"><strong>1. PRESENTACI\u00d3N <\/strong><\/span><\/p>\n<p style=\"text-align: justify;\"><span style=\"color: #000080;\"><strong>El Centro Universitario de Jutiapa pone a disposici\u00f3n de los interesados en ingresar en esta Casa de Estudios la presente Gu\u00eda Informativa de la Licenciatura de Administraci\u00f3n de Empresas, con el prop\u00f3sito de orientar sobre aspectos b\u00e1sicos de la misma.<\/strong><\/span><\/p>\n<p style=\"text-align: justify;\"><span style=\"color: #000080;\"><strong>\u00a0<\/strong><\/span><\/p>\n<p><span style=\"color: #ff6600;\"><strong>2. NATURALEZA DE LA LICENCIATURA<\/strong><\/span><\/p>\n<p style=\"text-align: justify;\"><strong><span style=\"color: #000080;\">La Carrera de Administraci\u00f3n de Empresas, constituye el estudio cient\u00edfico y t\u00e9cnico del proceso administrativo (planeaci\u00f3n, organizaci\u00f3n, direcci\u00f3n y control) de los grupos sociales (Empresas P\u00fablicas y Privadas), en funci\u00f3n tanto del logro eficaz y eficiente de sus fines, como el desarrollo arm\u00f3nico y sostenido de la sociedad guatemalteca.<\/span><\/strong><\/p>\n<p style=\"text-align: justify;\"><strong><span style=\"color: #000080;\">\u00a0<\/span><\/strong><\/p>\n<p><span style=\"color: #ff6600;\"><strong>3. OBJETIVO <\/strong><\/span><\/p>\n<p style=\"text-align: justify;\"><strong><span style=\"color: #000080;\">Formar profesionales con capacidad cient\u00edfica y t\u00e9cnica para comprender y evaluar los fen\u00f3menos administrativos de la realidad guatemalteca y su contexto internacional, as\u00ed como, proponer soluciones a los problemas que se presentan en dicho campo de conocimiento.<\/span><\/strong><\/p>\n<p><span style=\"color: #ff6600;\"><strong>4. T\u00cdTULO Y GRADO ACAD\u00c9MICO <\/strong><\/span><\/p>\n<p style=\"text-align: justify;\"><span style=\"color: #000080;\"><strong>El t\u00edtulo que otorga la Universidad de San Carlos de Guatemala al culminar los estudios, es de Administrador de Empresas en el grado acad\u00e9mico de Licenciado.<\/strong><\/span><\/p>\n<p>&nbsp;<\/p>\n<p><span style=\"color: #ff6600;\"><strong>5. DURACI\u00d3N DE LOS ESTUDIOS<\/strong><\/span><\/p>\n<p style=\"text-align: justify;\"><strong><span style=\"color: #000080;\">El tiempo m\u00ednimo de duraci\u00f3n de la licenciatura es de cinco a\u00f1os y medio, dividido en once ciclos: Cuatro del \u00c1rea Com\u00fan y Siete del \u00c1rea Profesional.<\/span><\/strong><\/p>\n<p>&nbsp;<\/p>\n<p><span style=\"color: #ff6600;\"><strong>6. CUALIDADES DEL ESTUDIANTE <\/strong> <\/span><\/p>\n<p style=\"text-align: justify;\"><span style=\"color: #000080;\"><strong>Para estudiar la Licenciatura de Administraci\u00f3n de Empresas, se requiere como m\u00ednimo, que el estudiante tenga las cualidades siguientes:<\/strong><\/span><\/p>\n<p>&nbsp;<\/p>\n<ul>\n<li style=\"text-align: justify;\"><span style=\"color: #000080;\"><strong>\u00b7 Inter\u00e9s de servicio e identificaci\u00f3n social <\/strong><\/span><\/li>\n<li style=\"text-align: justify;\"><span style=\"color: #000080;\"><strong>\u00b7 Sentido de orden y organizaci\u00f3n <\/strong><\/span><\/li>\n<li style=\"text-align: justify;\"><span style=\"color: #000080;\"><strong>\u00b7 Capacidad para identificar, procesar y expresar datos con exactitud <\/strong><\/span><\/li>\n<li style=\"text-align: justify;\"><span style=\"color: #000080;\"><strong>\u00b7 Habilidad de expresi\u00f3n verbal y escrita <\/strong><\/span><\/li>\n<li style=\"text-align: justify;\"><span style=\"color: #000080;\"><strong>\u00b7 Buenos h\u00e1bitos de estudio e investigaci\u00f3n.<\/strong><\/span><\/li>\n<\/ul>\n<p>&nbsp;<\/p>\n<p><span style=\"color: #ff6600;\"><strong>7. EVALUACI\u00d3N DEL APRENDIZAJE <\/strong><\/span><\/p>\n<ul>\n<li style=\"text-align: justify;\"><strong><span style=\"color: #000080;\">La escala de calificaci\u00f3n de los cursos es de 0 a 100 puntos, distribuidos as\u00ed: 70 de zona y 30 de fin de curso o de recuperaci\u00f3n. <\/span><\/strong><\/li>\n<li style=\"text-align: justify;\"><strong><span style=\"color: #000080;\">La zona m\u00ednima es de 31 puntos y la nota m\u00ednima de aprobaci\u00f3n es de 61 puntos. <\/span><\/strong><\/li>\n<li style=\"text-align: justify;\"><strong><span style=\"color: #000080;\">La zona tendr\u00e1 vigencia hasta la segunda oportunidad de recuperaci\u00f3n, programada en el semestre siguiente de la reprobaci\u00f3n del curso. <\/span><\/strong><\/li>\n<li style=\"text-align: justify;\"><strong><span style=\"color: #000080;\">Para culminar los estudios se deben aprobar los Ex\u00e1menes de \u00c1reas Pr\u00e1cticas B\u00e1sicas (Matem\u00e1tica-Estad\u00edstica, Administraci\u00f3n y Finanzas, Mercadotecnia y Administraci\u00f3n de Operaciones), El Ejercicio Profesional Supervisado \u2013EPS- y el Examen Privado de Tesis. <\/span><\/strong><\/li>\n<\/ul>\n<p>&nbsp;<\/p>\n<p><span style=\"color: #ff6600;\"><strong>8. CAMPO LABORAL<\/strong> <\/span><\/p>\n<p style=\"text-align: justify;\"><strong><span style=\"color: #000080;\">El Administrador puede desempe\u00f1arse tanto en entidades p\u00fablicas y privadas, nacionales e internacionales, como en su propia empresa, en la conducci\u00f3n superior o en los puestos medios de direcci\u00f3n, o en funciones de consultor o asesor. Puede tambi\u00e9n desempe\u00f1arse en los campos de investigaci\u00f3n y docencia.<\/span><\/strong><\/p>\n<p style=\"text-align: justify;\"><strong><span style=\"color: #000080;\">Capacidad para desarrollar trabajos laboriosos por amplios per\u00edodos de tiempo.<\/span><\/strong><\/p>\n<p style=\"text-align: justify;\"><strong><span style=\"color: #000080;\">Buenas relaciones humanas y un alto sentido \u00e9tico.<\/span><\/strong><\/p>\n<div class=\"dc\"><\/div>\n","protected":false},"excerpt":{"rendered":"<p>INFORMACI\u00d3N GENERAL SOBRE LA CARRERA &nbsp; 1. PRESENTACI\u00d3N El Centro Universitario de Jutiapa pone a disposici\u00f3n de los interesados en ingresar en esta Casa de Estudios la presente Gu\u00eda Informativa de la Licenciatura de Administraci\u00f3n de Empresas, con el prop\u00f3sito de orientar sobre aspectos b\u00e1sicos de la misma. \u00a0 2. NATURALEZA DE LA LICENCIATURA La [&hellip;]<\/p>\n","protected":false},"author":1,"featured_media":0,"parent":36,"menu_order":8,"comment_status":"open","ping_status":"open","template":"","meta":{"site-sidebar-layout":"default","site-content-layout":"default","ast-site-content-layout":"","site-content-style":"default","site-sidebar-style":"default","ast-global-header-display":"","ast-banner-title-visibility":"","ast-main-header-display":"","ast-hfb-above-header-display":"","ast-hfb-below-header-display":"","ast-hfb-mobile-header-display":"","site-post-title":"disabled","ast-breadcrumbs-content":"","ast-featured-img":"","footer-sml-layout":"","theme-transparent-header-meta":"default","adv-header-id-meta":"","stick-header-meta":"","header-above-stick-meta":"","header-main-stick-meta":"","header-below-stick-meta":"","astra-migrate-meta-layouts":"default","ast-page-background-enabled":"default","ast-page-background-meta":{"desktop":{"background-color":"","background-image":"","background-repeat":"repeat","background-position":"center center","background-size":"auto","background-attachment":"scroll","background-type":"","background-media":"","overlay-type":"","overlay-color":"","overlay-gradient":""},"tablet":{"background-color":"","background-image":"","background-repeat":"repeat","background-position":"center center","background-size":"auto","background-attachment":"scroll","background-type":"","background-media":"","overlay-type":"","overlay-color":"","overlay-gradient":""},"mobile":{"background-color":"","background-image":"","background-repeat":"repeat","background-position":"center center","background-size":"auto","background-attachment":"scroll","background-type":"","background-media":"","overlay-type":"","overlay-color":"","overlay-gradient":""}},"ast-content-background-meta":{"desktop":{"background-color":"var(--ast-global-color-5)","background-image":"","background-repeat":"repeat","background-position":"center center","background-size":"auto","background-attachment":"scroll","background-type":"","background-media":"","overlay-type":"","overlay-color":"","overlay-gradient":""},"tablet":{"background-color":"var(--ast-global-color-5)","background-image":"","background-repeat":"repeat","background-position":"center center","background-size":"auto","background-attachment":"scroll","background-type":"","background-media":"","overlay-type":"","overlay-color":"","overlay-gradient":""},"mobile":{"background-color":"var(--ast-global-color-5)","background-image":"","background-repeat":"repeat","background-position":"center center","background-size":"auto","background-attachment":"scroll","background-type":"","background-media":"","overlay-type":"","overlay-color":"","overlay-gradient":""}},"_joinchat":[],"footnotes":""},"_links":{"self":[{"href":"https:\/\/jusac.usac.edu.gt\/index.php?rest_route=\/wp\/v2\/pages\/40"}],"collection":[{"href":"https:\/\/jusac.usac.edu.gt\/index.php?rest_route=\/wp\/v2\/pages"}],"about":[{"href":"https:\/\/jusac.usac.edu.gt\/index.php?rest_route=\/wp\/v2\/types\/page"}],"author":[{"embeddable":true,"href":"https:\/\/jusac.usac.edu.gt\/index.php?rest_route=\/wp\/v2\/users\/1"}],"replies":[{"embeddable":true,"href":"https:\/\/jusac.usac.edu.gt\/index.php?rest_route=%2Fwp%2Fv2%2Fcomments&post=40"}],"version-history":[{"count":0,"href":"https:\/\/jusac.usac.edu.gt\/index.php?rest_route=\/wp\/v2\/pages\/40\/revisions"}],"up":[{"embeddable":true,"href":"https:\/\/jusac.usac.edu.gt\/index.php?rest_route=\/wp\/v2\/pages\/36"}],"wp:attachment":[{"href":"https:\/\/jusac.usac.edu.gt\/index.php?rest_route=%2Fwp%2Fv2%2Fmedia&parent=40"}],"curies":[{"name":"wp","href":"https:\/\/api.w.org\/{rel}","templated":true}]}}